{"id":15,"date":"2023-10-16T17:32:19","date_gmt":"2023-10-16T15:32:19","guid":{"rendered":"https:\/\/koemmerling-fenster.com\/renovierungsratgeber\/?page_id=15"},"modified":"2024-04-09T16:07:02","modified_gmt":"2024-04-09T14:07:02","slug":"startseite","status":"publish","type":"page","link":"https:\/\/koemmerling-fenster.com\/renovierungsratgeber\/","title":{"rendered":"Startseite"},"content":{"rendered":"\n<h1>\n\t\tDer gro\u00dfe Renovierungs-Ratgeber\n\t<\/h1>\n\t<a href=\"#download\">\n<\/a>\n<h2>\n\t\tJetzt kostenlos herunterladen\n\t<\/h2>\n\t\t\t\t\t<a href=\"javascript:void(0);\" id=\"fl-accordion--label-0\" tabindex=\"0\" aria-controls=\"fl-accordion--panel-0\">Steuern sparen &#038; F\u00f6rderung<\/a>\n\t\t\t\t\t\t\t\t\t\t\t<a href=\"#\" id=\"fl-accordion--icon-0\" tabindex=\"-1\" aria-controls=\"fl-accordion--panel-0\"><i>Collapse<\/i><\/a>\n\t\t\t\t\t<p><img loading=\"lazy\" decoding=\"async\" src=\"https:\/\/koemmerling-fenster.com\/renovierungsratgeber\/wp-content\/uploads\/2023\/12\/renovierungsratgeber_magazin.jpg\" alt=\"\" width=\"1100\" height=\"825\" \/><\/p>\n<p>Wussten Sie schon, dass Sie f\u00fcr Ihre neuen Fenster und die Montage eine 20%ige Steuererstattung bekommen? Das geht ganz unb\u00fcrokratisch. Oder sollen Sie sich f\u00fcr die F\u00f6rderung von KFW und BAFA entscheiden? Im Renovierungs-Ratgeber finden Sie die Antworten und wertvolle Tipps.<\/p>\n\t\t\t\t\t<a href=\"javascript:void(0);\" id=\"fl-accordion--label-1\" tabindex=\"0\" aria-controls=\"fl-accordion--panel-1\">Ein Blick ins Inhaltsverzeichnis<\/a>\n\t\t\t\t\t\t\t\t\t\t\t<a href=\"#\" id=\"fl-accordion--icon-1\" tabindex=\"-1\" aria-controls=\"fl-accordion--panel-1\"><i>Expand<\/i><\/a>\n\t\t\t\t\t<img loading=\"lazy\" decoding=\"async\" src=\"https:\/\/koemmerling-fenster.com\/renovierungsratgeber\/wp-content\/uploads\/2023\/12\/inhalt_web.jpg\" alt=\"\" width=\"1100\" height=\"1107\" \/><strong>Seite 06 Einf\u00fchrung<\/strong><br \/>\nWarum neue Fenster?<br \/>\n<strong>Seite 08 Grundlagen<\/strong><br \/>\nWann Sie Ihre Fenster austauschen sollten.<br \/>\n<strong>Seite 10 Fenstermaterialien<br \/>\n<\/strong>Kunststoff, Aluminium, Holz oder eine Kombination?<br \/>\n<strong>Seite 12 W\u00e4rmed\u00e4mmung<br \/>\n<\/strong>Die richtige Reihenfolge bei Ihrer Renovierung.<br \/>\n<strong>Seite 18 Einbruchschutz<\/strong><br \/>\nWie Fenster Sie und Ihre Familie sch\u00fctzen.<br \/>\n<strong>Seite 22 Schallschutz<\/strong><br \/>\nRuhiger, entspannter und ges\u00fcnder leben.<br \/>\n<strong>Seite 26 Design<\/strong><br \/>\nFensterfarben beleben Ihre Architektur.<br \/>\n<strong>Seite 36 Zubeh\u00f6r &amp; Ausstattung<\/strong><br \/>\nKomfortabel, elegant und sinnvoll.<br \/>\n<strong>Seite 44 Steuerersparnis &amp; F\u00f6rderung<\/strong><br \/>\nWie der Staat Energiesparen belohnt.<br \/>\n<strong>Seite 52 Fenstermontage<\/strong><br \/>\nWarum Sie einen K\u00f6mmerling Fenster-Profi beauftragen sollten.<br \/>\n<strong>Seite 58 L\u00fcftung &amp; Raumklima<\/strong><br \/>\nFrische Luft f\u00fcr Ihr gesundes Raumklima.<br \/>\n<strong>Seite 62 Barrierefreiheit<\/strong><br \/>\nSelbstbestimmt leben und Stolperfallen vermeiden.<br \/>\n<strong>Seite 64 Fensterpflege<\/strong><br \/>\nWie Sie Ihre neuen Fenster richtig pflegen.<br \/>\n<strong>Seite 66 Tipps zum Fensterkauf<\/strong><br \/>\nWoran Sie die Fensterqualit\u00e4t erkennen.<br \/>\n<strong>Seite 68 Nachhaltigkeit &amp; Verantwortung<\/strong><br \/>\nDas Fenster von heute f\u00fcr die Welt von morgen.<br \/>\n<strong>Seite 72 L\u00f6sungsvorschl\u00e4ge<\/strong><br \/>\nHochwertige L\u00f6sungen f\u00fcr Ihre Renovierung.<br \/>\n<strong>Seite 76 Checklisten<\/strong><br \/>\nHaben Sie an alles gedacht?\n\t\t\t\t\t<a href=\"javascript:void(0);\" id=\"fl-accordion--label-2\" tabindex=\"0\" aria-controls=\"fl-accordion--panel-2\">\u00dcber uns: K\u00f6mmerling<\/a>\n\t\t\t\t\t\t\t\t\t\t\t<a href=\"#\" id=\"fl-accordion--icon-2\" tabindex=\"-1\" aria-controls=\"fl-accordion--panel-2\"><i>Expand<\/i><\/a>\n\t\t\t\t\t<p>&nbsp;<\/p>\n<p>Wir sind einer von Deutschlands f\u00fchrenden Systemanbieter im Bereich Fenster und Sichtschutz<\/p>\n<p><img loading=\"lazy\" decoding=\"async\" src=\"https:\/\/koemmerling-fenster.com\/renovierungsratgeber\/wp-content\/uploads\/2023\/10\/Geschichte-Verteiler.jpg\" alt=\"\" width=\"248\" height=\"165\" \/><\/p>\n<p>Made in Germany seit 1887, in Pirmasens<\/p>\n<p><img loading=\"lazy\" decoding=\"async\" src=\"https:\/\/koemmerling-fenster.com\/renovierungsratgeber\/wp-content\/uploads\/2023\/10\/Lernen-Sie-uns-kennen.jpg\" alt=\"\" width=\"248\" height=\"165\" \/><\/p>\n<p>Partner von \u00fcber 500 lokalen, deutschen Fensterfachbetrieben<\/p>\n<p><img loading=\"lazy\" decoding=\"async\" src=\"https:\/\/koemmerling-fenster.com\/renovierungsratgeber\/wp-content\/uploads\/2023\/10\/Internationalitaet-Verteiler-ueber-uns-1.jpg\" alt=\"\" width=\"248\" height=\"165\" \/><\/p>\n<p>In mehr als 60 L\u00e4ndern aktiv<\/p>\n<p><img loading=\"lazy\" decoding=\"async\" src=\"https:\/\/koemmerling-fenster.com\/renovierungsratgeber\/wp-content\/uploads\/2023\/10\/Unsere_Marke-Verteiler.jpg\" alt=\"\" width=\"248\" height=\"165\" \/><\/p>\n<p>Ganzheitliches Denken, Forschen und Handeln sind unser Anspruch und Schl\u00fcssel zum Erfolg<\/p>\n\t<a href=\"#download\">\n<\/a>\n<h2>\n\t\tDer Ratgeber in Ausz\u00fcgen:\n\t<\/h2>\n<h2>\n\t\tDownload\n\t<\/h2>\n\t<p>Sie m\u00f6chten Ihr Haus heute so renovieren, dass es die Anforderungen von morgen erf\u00fcllt? Es soll nachhaltig sein, das Klima sch\u00fctzen, gegen Einbruch gesichert und architektonisch einzigartig?<\/p>\n<p>Dann ist der K\u00f6mmerling Renovierungs-Ratgeber genau richtig f\u00fcr Sie. Hier erhalten Sie Tipps, Informationen und Inspirationen rund um die Welt nachhaltiger und energiesparender Fenster.<\/p>\n<p>Sie erfahren, worauf es bei Technik und Ausstattung ankommt und k\u00f6nnen so Ihre richtige Kaufentscheidung treffen. Dabei helfen Ihnen auch die vielen Checklisten.<\/p>\n<p>Sichern Sie sich jetzt Ihren Renovierungs-Ratgeber.<\/p>\n<ul>\n<li>Unverbindlich und kostenfrei als PDF oder gedruckte Brosch\u00fcre<\/li>\n<li>Mehr als 80 Seiten &#8211; von Energiesparen \u00fcber Sicherheit bis Design<\/li>\n<li>Mit wertvollen Infos zu F\u00f6rderungen und vielem mehr<\/li>\n<\/ul>\n\t<meta itemprop=\"url\" content=\"https:\/\/koemmerling-fenster.com\/renovierungsratgeber\/wp-content\/uploads\/2023\/12\/page_flip_animation_4.mp4\" \/><div style=\"width: 640px;\" class=\"wp-video\"><video muted class=\"wp-video-shortcode\" id=\"video-15-1\" width=\"640\" height=\"360\" loop autoplay preload=\"metadata\" controls=\"controls\"><source type=\"video\/mp4\" src=\"https:\/\/koemmerling-fenster.com\/renovierungsratgeber\/wp-content\/uploads\/2023\/12\/page_flip_animation_4.mp4?_=1\" \/><a href=\"https:\/\/koemmerling-fenster.com\/renovierungsratgeber\/wp-content\/uploads\/2023\/12\/page_flip_animation_4.mp4\">https:\/\/koemmerling-fenster.com\/renovierungsratgeber\/wp-content\/uploads\/2023\/12\/page_flip_animation_4.mp4<\/a><\/video><\/div>\n\t<a href=\"#download\">\n<\/a>\n\n","protected":false},"excerpt":{"rendered":"<p>Der gro\u00dfe Renovierungs-Ratgeber Jetzt kostenlos herunterladen Steuern sparen &#038; F\u00f6rderung Collapse Wussten Sie schon, dass Sie f\u00fcr Ihre neuen Fenster und die Montage eine 20%ige Steuererstattung bekommen? Das geht ganz unb\u00fcrokratisch. Oder sollen Sie sich f\u00fcr die F\u00f6rderung von KFW und BAFA entscheiden? Im Renovierungs-Ratgeber finden Sie die Antworten und wertvolle Tipps. Ein Blick ins [&hellip;]<\/p>\n","protected":false},"author":1,"featured_media":0,"parent":0,"menu_order":0,"comment_status":"closed","ping_status":"closed","template":"","meta":{"footnotes":""},"class_list":["post-15","page","type-page","status-publish","hentry","wpbf-post"],"_links":{"self":[{"href":"https:\/\/koemmerling-fenster.com\/renovierungsratgeber\/wp-json\/wp\/v2\/pages\/15","targetHints":{"allow":["GET"]}}],"collection":[{"href":"https:\/\/koemmerling-fenster.com\/renovierungsratgeber\/wp-json\/wp\/v2\/pages"}],"about":[{"href":"https:\/\/koemmerling-fenster.com\/renovierungsratgeber\/wp-json\/wp\/v2\/types\/page"}],"author":[{"embeddable":true,"href":"https:\/\/koemmerling-fenster.com\/renovierungsratgeber\/wp-json\/wp\/v2\/users\/1"}],"replies":[{"embeddable":true,"href":"https:\/\/koemmerling-fenster.com\/renovierungsratgeber\/wp-json\/wp\/v2\/comments?post=15"}],"version-history":[{"count":5,"href":"https:\/\/koemmerling-fenster.com\/renovierungsratgeber\/wp-json\/wp\/v2\/pages\/15\/revisions"}],"predecessor-version":[{"id":100,"href":"https:\/\/koemmerling-fenster.com\/renovierungsratgeber\/wp-json\/wp\/v2\/pages\/15\/revisions\/100"}],"wp:attachment":[{"href":"https:\/\/koemmerling-fenster.com\/renovierungsratgeber\/wp-json\/wp\/v2\/media?parent=15"}],"curies":[{"name":"wp","href":"https:\/\/api.w.org\/{rel}","templated":true}]}}